digit of v(g)?
1
Let l be (-1)/((-2)/(-538)*-1). Let g be l/(-3) + 4/(-12). What is the units digit of (8/18)/((-20)/g)?
2
Suppose -346*u + 345*u = -2. Let l(v) = -3*v - 4 + 7*v + 0*v. What is the units digit of l(u)?
4
Let l = 74 + -106. What is the units digit of l/12*246/(-8) - -5?
7
Let c(h) = h**3 + 40*h**2 - 79*h + 68. What is the ten thousands digit of c(-23)?
1
Let o(a) = -5*a + 8*a**2 - 15 + 2*a**2 + 17. Let i be o(3). What is the tens digit of 0/(-5) + -2 + i?
7
Let n = 23 - -22. Suppose r - 10*r - n = 0. Let x(k) = -13*k - 14. What is the units digit of x(r)?
1
Let t(x) = 8*x**3 - 5*x**2 + 35*x - 63. What is the units digit of t(11)?
5
What is the thousands digit of 162/(-108) - (-15287)/2 - -8?
7
Suppose 6104 = 2*b - 57*l + 59*l, 2*l + 6076 = 2*b. What is the tens digit of b?
4
Suppose 3 + 5 = 2*k, 3*m + 3*k + 33 = 0. Let s(r) = -r**3 - 14*r**2 - 21*r - 25. What is the tens digit of s(m)?
1
Let m(p) = -7*p - 54. Let v be m(-16). Suppose -6 = v*j - 60*j. Suppose -41 = -n + j. What is the units digit of n?
4
Suppose 7*c = -345 + 1255. Let n be ((-2)/4)/(3/(-24)). Suppose n*x + s = 93, 4*s = -4*x - x + c. What is the tens digit of x?
2
Let p = 2067 + -123. What is the tens digit of p?
4
Let w = 1 + 15. Suppose 0 = 17*s - w*s - 12. Suppose 0 = -7*v + s*v - 105. What is the tens digit of v?
2
Let d(r) = 1206*r**2 + 89*r + 445. What is the thousands digit of d(-5)?
0
Suppose -343*n + 335*n + 10160 = 0. What is the units digit of n?
0
Suppose 14*i - 658 = 7*i. Let z = -92 + i. Suppose 208 = z*l - l. What is the hundreds digit of l?
2
Let h(a) = 1544*a**2 - 37*a + 188. What is the ten thousands digit of h(4)?
2
Let k(b) = -b**3 + 2*b**2 - b + 2. Let u be k(4). Let l = -38 - u. What is the units digit of ((-4)/(-6))/(l/(-174))?
9
Suppose 0 = -58*w + 65*w - 1176. Let c = 326 - w. What is the hundreds digit of c?
1
Let p(i) = 1719*i + 2466. What is the hundreds digit of p(12)?
0
Let s(g) = 3*g**2 - 9*g + 22. Let w(f) = -6*f**2 + 17*f - 42. Let x(v) = 5*s(v) + 2*w(v). What is the hundreds digit of x(14)?
4
Let t(b) = 11764*b - 551. What is the ten thousands digit of t(3)?
3
Suppose 6*h + 86 + 4 = 0. Let m be 5/(h/(-16))*120/16. Let x = -39 + m. What is the units digit of x?
1
Suppose 6 = d + 91. Suppose -2007*v = -1987*v - 3840. Let l = d + v. What is the hundreds digit of l?
1
Let a be (-4)/(-10) - (-5 + (-40776)/(-40)). Let f = a - -1807. What is the tens digit of f?
9
Let i be (-5 - -1)*(1 + -25). Let x = 972 + -912. Suppose 3*z - x = -2*h, 5*h + i = z + 280. What is the units digit of h?
6
Let u be (-48)/(-2 + 56/16). What is the tens digit of (-8)/u + 1 + (-7950)/(-8)?
9
Let u(x) be the third derivative of 1/120*x**6 - 1/2*x**4 + 11/60*x**5 + 0 - 5/2*x**3 - 20*x**2 + 0*x. What is the units digit of u(-11)?
7
Let j = 3082 - 1762. Suppose j = 100*g - 97*g. What is the units digit of g?
0
Suppose 9*i - 8*i = 20. Suppose -14*w = -i*w. Suppose -4*h + 576 + 176 = w. What is the tens digit of h?
8
Let p be (-4 - -54)*(-5)/(-8 + 3). Suppose -a - 50666 = -p*a. What is the hundreds digit of a?
0
Suppose -17*p - 20889 = -26*p. What is the thousands digit of p?
2
Suppose r - 4*n - 3638 = 0, 2*r + 357*n - 7234 = 358*n. What is the tens digit of r?
1
Let a(x) = 4*x**2 + 19*x - 195. Let l(n) = -n**2 - 6*n + 65. Let b(h) = 2*a(h) + 7*l(h). What is the units digit of b(-11)?
0
Suppose 3*q - 3*g - 40527 = 0, -2*q - 714 + 27744 = g. What is the hundreds digit of q?
5
Let i = -40 + 60. Let a be (15/30)/((-6)/i)*-3. What is the tens digit of (-12)/(-30) - (-128)/a?
2
What is the thousands digit of (-374)/((-55)/18 - 3/(-1))?
6
Let u = 5040 + 5671. What is the tens digit of u?
1
Let n(t) = -t + 12. Let b(g) = 11 + 42*g - 74*g + 31*g. Let a(z) = -5*b(z) + 6*n(z). What is the tens digit of a(-16)?
3
Let n(p) = p**3 - 61*p**2 + 76*p - 615. What is the units digit of n(62)?
1
What is the tens digit of (3/9)/(7*7/372351) - 0?
3
Suppose -9*a + 434 = -2*a. Suppose -7*z + 2*z + p - a = 0, 2 = -z - 5*p. What is the tens digit of z/2 + 4 - -25?
2
Suppose 3860 = 5*c - 2*h, -12*h + 1538 = 2*c - 14*h. Suppose 3*p + c = 2*z, 6*z - 1175 = 3*z + p. What is the tens digit of z?
9
Suppose 0 = -3*b + 131*j - 127*j + 17775, 24 = -4*j. What is the hundreds digit of b?
9
Let t(o) = 5*o + 30. Let q be t(-5). Suppose q*w - 3*w = -6. What is the units digit of 9*(-4)/(-16)*(-128)/w?
6
What is the thousands digit of 11176*(-9)/(-8 + -10)?
5
Suppose 0 = -6*q + 59 + 73. Suppose -j - 18*o + q*o + 1158 = 0, 2*o = -2. What is the hundreds digit of j?
1
Let n(c) = -c**3 - 24*c**2 + 51*c - 36. Let x be n(-26). Let b = x + 484. What is the hundreds digit of b?
4
Let q = 5416 + -5408. Suppose 262 = b - 111. Suppose -5*z = m - 111, -3*m + q*z = 3*z - b. What is the units digit of m?
1
Suppose 3 = -2*k - 4*w + 27, 3*k + 2*w - 24 = 0. Let t be k/4 + ((-45)/(-10) - 4). Suppose 231 + 145 = t*b. What is the hundreds digit of b?
1
Let s(q) = 4057*q**2 + 133*q - 135. What is the thousands digit of s(1)?
4
Let p(b) = -228*b + 9. Suppose 3*w + 10 = -4*s, 2*s + 4 = -w - w. Let c be p(s). Suppose 6*u = c - 333. What is the units digit of u?
8
Suppose -94 = 8*m + 90. Let g = 11 + m. Let x = 65 + g. What is the units digit of x?
3
Let f be 5/(50/(-15))*-2. Suppose 15 = f*c, 5*c = 4*q + 2*c - 1037. What is the tens digit of q?
6
Let l = 29817 - 6019. What is the thousands digit of l?
3
Let r(m) = 3*m + 106. Let t(v) = -2*v - 53. Let w(g) = 6*r(g) + 11*t(g). Let z be w(21). Let n = 43 - z. What is the units digit of n?
4
What is the units digit of 16*(-15)/(-40) + 0 + 10191?
7
Let m = 7813 + 26076. What is the tens digit of m?
8
Let d = 44 + -20. Suppose -27*t + d*t + 1080 = 0. What is the hundreds digit of t?
3
What is the ten thousands digit of (164/(-6))/((-8)/15840*5)?
1
Let d(z) = 523*z**2 + z. Let l be d(-1). Suppose 56*q - l = 54*q. What is the hundreds digit of q?
2
Let v be (-21*4/10)/((-107)/43335). Suppose v = 56*z - 53*z. What is the tens digit of z?
3
Let z = -2 + 4. Let i = 7 - z. Suppose -2 = i*b - 77. What is the tens digit of b?
1
Let f be -4 - 394/(-1*2/25). Suppose 4*n - 30*x + 31*x - 3936 = 0, -f = -5*n - x. What is the hundreds digit of n?
9
Suppose 85*q - 40*q = 5767 + 18173. What is the units digit of q?
2
Suppose n - 2*t - 4 - 5 = 0, 5*t = -n - 12. What is the units digit of (2*-12)/n*47/(-2)?
8
Let k(h) be the second derivative of h**3/2 + 15*h**2/2 - 12*h. Let y be k(-7). Let t(z) = z**2 - 4*z - 11. What is the tens digit of t(y)?
4
Let u(x) = -x**2 - 8*x. Let a be u(-9). Let n be a/(-3)*1 + 0. Suppose -n*h - 125 = -2*b, -5*h = -0*b + b - 82. What is the units digit of b?
7
Suppose 3*v - 3*i = -8902 + 26635, -5*i = 30. What is the hundreds digit of v?
9
Let p(q) be the third derivative of 7*q**5/12 - q**4/24 + q**3/3 - 7*q**2. What is the hundreds digit of p(-3)?
3
Let r(x) = 789*x - 858. What is the hundreds digit of r(29)?
0
Let x be ((-4)/6 - 0)*-3. Let m = -1829 - -1813. What is the units digit of 124*x*(-4)/m?
2
Let i be (-3)/(-9) - (-1)/(-3). Let o(u) = 80 + u**2 + 28 + u**3 + 106 - 28. What is the tens digit of o(i)?
8
Let o(c) = -8*c + 6. Let w be o(-12). Let v = 194 - w. Let f = v - -82. What is the hundreds digit of f?
1
Suppose 3*f = u + 5, -f + 0*f = -u - 5. Suppose -3*g + g - 496 = f. Let j = -146 - g. What is the hundreds digit of j?
1
Let u(v) be the third derivative of -43*v**4/24 + 31*v**3/6 + 2*v**2. Let p be u(5). Let n = -114 - p. What is the tens digit of n?
7
Let i(y) = 465*y**2 + 10*y - 9. Let s be i(1). Suppose s = -5*p + 4616. What is the hundreds digit of p?
8
Let l be 6/27*3*87/2. Suppose -5*f - l = 3*j, 0*j - f + 54 = -4*j. What is the units digit of j/26*-1*482 + -3?
8
Let h(x) be the first derivative of -x**2/2 - 13. Let i be h(-2). Suppose i*a - 269 - 101 = -5*r, -3*a = 2*r - 566. What is the tens digit of a?
9
Suppose -18*a - 13*a - 64*a + 1010705 = 0. What is the ten thousands digit of a?
1
Let a = -6064 + 6227. What is the tens digit of a?
6
Let w = -59 - -61. Suppose 5*n - 299 = w*t, -74 = -4*n - 2*t + 176. Suppose -179 = -3*q + n. What is the tens digit of q?
8
Suppose 1791*g + 25680 = 1793*g. What is the hundreds digit of g?
8
Suppose -36196 = 20*b - 157396. What is the thousands digit of b?
6
Let k(b) = 1842*b - 5546. What is the units digit 